{"id":1436,"date":"2023-03-20T13:46:51","date_gmt":"2023-03-20T12:46:51","guid":{"rendered":"https:\/\/admin.boschcarservice.no\/norwegian\/?page_id=1436"},"modified":"2025-02-06T13:09:19","modified_gmt":"2025-02-06T12:09:19","slug":"tilbud","status":"publish","type":"page","link":"https:\/\/admin.boschcarservice.no\/norwegian\/tilbud\/","title":{"rendered":"Tilbud"},"content":{"rendered":"\n<div class=\"wp-block-group alignfull has-light-grey-background-color has-background has-global-padding is-layout-constrained wp-container-core-group-is-layout-1 wp-block-group-is-layout-constrained\" style=\"padding-top:var(--wp--preset--spacing--80);padding-right:var(--wp--preset--spacing--20-100);padding-bottom:var(--wp--preset--spacing--80);padding-left:var(--wp--preset--spacing--20-100)\">\n<h2 class=\"wp-block-heading\">Tilbud<\/h2>\n\n\n\t\t<div class=\"wp-block-hoyry-bosch-slider\">\n\t\t\t<div class=\"keen-slider frontend\">\n\t\t\t\t\t\t\t\t<div class=\"keen-slider__slide\"><div class=\"wp-block-hoyry-bosch-slide\" id=\"block-6bc19df9-74e6-4c5f-b499-4c5e97e3f841\"><div class=\"slide-bg\" style=\"--hoyry-slide-bg-full:url(https:\/\/admin.boschcarservice.no\/norwegian\/wp-content\/uploads\/sites\/10\/2024\/07\/acservicecampaign01.jpg);--hoyry-slide-focal-x-full:100%;--hoyry-slide-focal-y-full:50%;--hoyry-slide-focal-x-tablet:50%;--hoyry-slide-focal-y-tablet:50%;--hoyry-slide-focal-x-mobile:50%;--hoyry-slide-focal-y-mobile:50%;--hoyry-slide-bg-medium:url(https:\/\/admin.boschcarservice.no\/norwegian\/wp-content\/uploads\/sites\/10\/2024\/07\/acservicecampaign01-1024x427.jpg)\"><\/div><div class=\"slide-content-container\"><div class=\"slide-content-area\">\n<p class=\"has-text-align-left has-large-font-size\" style=\"margin-bottom:var(--wp--preset--spacing--20);line-height:1.1\"><strong><strong>Bestill klimaanleggservice, slik at du slipper varmen!<\/strong><\/strong><\/p>\n\n\n\n<p class=\"has-h-6-small-font-size\" style=\"margin-top:var(--wp--preset--spacing--20);margin-bottom:var(--wp--preset--spacing--30)\">Har du ogs\u00e5 lyst til \u00e5 slippe \u00e5 svette i hele sommer? Med en service p\u00e5 bilens klimaanlegg f\u00e5r du kontroll over temperaturen, samtidig som bakterier, pollen og vond lukt filtreres ut \u2013 slik at du kan nyte sommeren med kj\u00f8lig og frisk luft.<\/p>\n\n\n\n<div class=\"wp-block-buttons is-layout-flex wp-block-buttons-is-layout-flex\">\n<div class=\"wp-block-button has-custom-width wp-block-button__width-100\"><a class=\"wp-block-button__link wp-element-button\" href=\"https:\/\/admin.boschcarservice.no\/norwegian\/online-booking\/\">Bestill klimaanleggservice n\u00e5!<\/a><\/div>\n<\/div>\n<\/div><\/div><\/div><\/div>\t\t\t<\/div>\n\t\t<\/div>\n\t\t\n\n\t\t\n\t\t<div class=\"wp-block-offer__list columns-1 is-style-hoyry-bosch-offer-list-mosaic wp-block-hoyry-bosch-offer-list\">\n\t\t\t<div class=\"items\">\n\t\t\t\t\t\t\t<a href=\"https:\/\/admin.boschcarservice.no\/norwegian\/offer\/kvalitetsstyring\/\" rel=\"noreferrer noopener\" class=\"item\">\n\t\t\t\t<div class=\"image\">\n\t\t\t\t\t<img loading=\"lazy\" decoding=\"async\" width=\"1024\" height=\"699\" src=\"https:\/\/admin.boschcarservice.no\/norwegian\/wp-content\/uploads\/sites\/10\/2023\/09\/qualitybcs.jpg\" class=\"attachment-large size-large wp-post-image\" alt=\"\" style=\"\" srcset=\"https:\/\/admin.boschcarservice.no\/norwegian\/wp-content\/uploads\/sites\/10\/2023\/09\/qualitybcs.jpg 1024w, https:\/\/admin.boschcarservice.no\/norwegian\/wp-content\/uploads\/sites\/10\/2023\/09\/qualitybcs-300x205.jpg 300w, https:\/\/admin.boschcarservice.no\/norwegian\/wp-content\/uploads\/sites\/10\/2023\/09\/qualitybcs-768x524.jpg 768w\" sizes=\"auto, (max-width: 1024px) 100vw, 1024px\" \/>\t\t\t\t<\/div>\n\t\t\t\t\t\t\t\t\t<div class=\"meta\">\n\t\t\t\t\t\t\t\t\t\t\t\t\t\t\t\t\t\t\t<div class=\"categories\">\n\t\t\t\t\t\t\t\tTilbud\t\t\t\t\t\t\t<\/div>\n\t\t\t\t\t\t\t\t\t\t\t<\/div>\n\t\t\t\t\t\t\t\t<div class=\"content\">\n\t\t\t\t\t<h3 class=\"title\">Kvalitetsstyring<\/h3>\n\t\t\t\t\t<div class=\"excerpt\">\n\t\t\t\t\t\t[VERKSTED] \u00f8nsker \u00e5 sikre at du som kunde har den best mulige opplevelsen ved \u00e5 v\u00e6re en del av Bosch Car Service-nettverket.\t\t\t\t\t<\/div>\n\t\t\t\t\t<div class=\"link\">\n\t\t\t\t\t\tL\u00e6re mer\t\t\t\t\t<\/div>\n\t\t\t\t<\/div>\n\t\t\t<\/a>\n\t\t\t\t\t\t<a href=\"https:\/\/admin.boschcarservice.no\/norwegian\/offer\/fleksibel-betaling-med-en-bosch-car-service-konto\/\" rel=\"noreferrer noopener\" class=\"item\">\n\t\t\t\t<div class=\"image\">\n\t\t\t\t\t<img loading=\"lazy\" decoding=\"async\" width=\"1024\" height=\"576\" src=\"https:\/\/admin.boschcarservice.no\/norwegian\/wp-content\/uploads\/sites\/10\/2023\/05\/bosch-car-service-card-001-1024x576.jpg\" class=\"attachment-large size-large wp-post-image\" alt=\"\" style=\"\" srcset=\"https:\/\/admin.boschcarservice.no\/norwegian\/wp-content\/uploads\/sites\/10\/2023\/05\/bosch-car-service-card-001-1024x576.jpg 1024w, https:\/\/admin.boschcarservice.no\/norwegian\/wp-content\/uploads\/sites\/10\/2023\/05\/bosch-car-service-card-001-300x169.jpg 300w, https:\/\/admin.boschcarservice.no\/norwegian\/wp-content\/uploads\/sites\/10\/2023\/05\/bosch-car-service-card-001-768x432.jpg 768w, https:\/\/admin.boschcarservice.no\/norwegian\/wp-content\/uploads\/sites\/10\/2023\/05\/bosch-car-service-card-001-1536x864.jpg 1536w, https:\/\/admin.boschcarservice.no\/norwegian\/wp-content\/uploads\/sites\/10\/2023\/05\/bosch-car-service-card-001.jpg 1920w\" sizes=\"auto, (max-width: 1024px) 100vw, 1024px\" \/>\t\t\t\t<\/div>\n\t\t\t\t\t\t\t\t\t<div class=\"meta\">\n\t\t\t\t\t\t\t\t\t\t\t\t\t\t\t\t\t\t\t<div class=\"categories\">\n\t\t\t\t\t\t\t\tTilbud\t\t\t\t\t\t\t<\/div>\n\t\t\t\t\t\t\t\t\t\t\t<\/div>\n\t\t\t\t\t\t\t\t<div class=\"content\">\n\t\t\t\t\t<h3 class=\"title\">Fleksibel betaling med en Bosch Car Service-konto<\/h3>\n\t\t\t\t\t<div class=\"excerpt\">\n\t\t\t\t\t\tMed v\u00e5rt eget betalingskort, Bosch Car Service-kortet, bestemmer du selv hvordan du \u00f8nsker \u00e5 betale for ditt verkstedsbes\u00f8k.\t\t\t\t\t<\/div>\n\t\t\t\t\t<div class=\"link\">\n\t\t\t\t\t\tL\u00e6re mer\t\t\t\t\t<\/div>\n\t\t\t\t<\/div>\n\t\t\t<\/a>\n\t\t\t\t\t\t<a href=\"https:\/\/admin.boschcarservice.no\/norwegian\/offer\/bestill-ditt-neste-besok-hos-oss-online\/\" rel=\"noreferrer noopener\" class=\"item\">\n\t\t\t\t<div class=\"image\">\n\t\t\t\t\t<img loading=\"lazy\" decoding=\"async\" width=\"1024\" height=\"576\" src=\"https:\/\/admin.boschcarservice.no\/norwegian\/wp-content\/uploads\/sites\/10\/2023\/05\/mybcs-woman-booking-1024x576.jpg\" class=\"attachment-large size-large wp-post-image\" alt=\"\" style=\"\" srcset=\"https:\/\/admin.boschcarservice.no\/norwegian\/wp-content\/uploads\/sites\/10\/2023\/05\/mybcs-woman-booking-1024x576.jpg 1024w, https:\/\/admin.boschcarservice.no\/norwegian\/wp-content\/uploads\/sites\/10\/2023\/05\/mybcs-woman-booking-300x169.jpg 300w, https:\/\/admin.boschcarservice.no\/norwegian\/wp-content\/uploads\/sites\/10\/2023\/05\/mybcs-woman-booking-768x432.jpg 768w, https:\/\/admin.boschcarservice.no\/norwegian\/wp-content\/uploads\/sites\/10\/2023\/05\/mybcs-woman-booking-1536x864.jpg 1536w, https:\/\/admin.boschcarservice.no\/norwegian\/wp-content\/uploads\/sites\/10\/2023\/05\/mybcs-woman-booking.jpg 1920w\" sizes=\"auto, (max-width: 1024px) 100vw, 1024px\" \/>\t\t\t\t<\/div>\n\t\t\t\t\t\t\t\t\t<div class=\"meta\">\n\t\t\t\t\t\t\t\t\t\t\t\t\t\t\t\t\t\t\t<div class=\"categories\">\n\t\t\t\t\t\t\t\tTilbud\t\t\t\t\t\t\t<\/div>\n\t\t\t\t\t\t\t\t\t\t\t<\/div>\n\t\t\t\t\t\t\t\t<div class=\"content\">\n\t\t\t\t\t<h3 class=\"title\">Bestill ditt neste bes\u00f8k hos oss online!<\/h3>\n\t\t\t\t\t<div class=\"excerpt\">\n\t\t\t\t\t\t[VERKSTED] vet at 52% av bestillingene dine skjer utenom \u00e5pningstiden. Hos oss kan du enkelt og raskt bestille ditt neste verkstedsbes\u00f8k online\u2026\t\t\t\t\t<\/div>\n\t\t\t\t\t<div class=\"link\">\n\t\t\t\t\t\tL\u00e6re mer\t\t\t\t\t<\/div>\n\t\t\t\t<\/div>\n\t\t\t<\/a>\n\t\t\t\t\t\t<\/div>\n\t\t<\/div>\n\t\t\n\t\t<\/div>\n\n\n\t\t\n\t\t<div style=\"margin-top:var(--wp--preset--spacing--80);\" class=\"wp-block-offer__list columns-1 wp-block-hoyry-bosch-offer-list\">\n\t\t\t<div class=\"items\">\n\t\t\t\t\t\t\t<a href=\"https:\/\/admin.boschcarservice.no\/norwegian\/offer\/kvalitetsstyring\/\" rel=\"noreferrer noopener\" class=\"item\">\n\t\t\t\t<div class=\"image\">\n\t\t\t\t\t<img loading=\"lazy\" decoding=\"async\" width=\"1024\" height=\"699\" src=\"https:\/\/admin.boschcarservice.no\/norwegian\/wp-content\/uploads\/sites\/10\/2023\/09\/qualitybcs.jpg\" class=\"attachment-large size-large wp-post-image\" alt=\"\" style=\"\" srcset=\"https:\/\/admin.boschcarservice.no\/norwegian\/wp-content\/uploads\/sites\/10\/2023\/09\/qualitybcs.jpg 1024w, https:\/\/admin.boschcarservice.no\/norwegian\/wp-content\/uploads\/sites\/10\/2023\/09\/qualitybcs-300x205.jpg 300w, https:\/\/admin.boschcarservice.no\/norwegian\/wp-content\/uploads\/sites\/10\/2023\/09\/qualitybcs-768x524.jpg 768w\" sizes=\"auto, (max-width: 1024px) 100vw, 1024px\" \/>\t\t\t\t<\/div>\n\t\t\t\t\t\t\t\t\t<div class=\"meta\">\n\t\t\t\t\t\t\t\t\t\t\t\t\t\t\t\t\t\t\t<div class=\"categories\">\n\t\t\t\t\t\t\t\tTilbud\t\t\t\t\t\t\t<\/div>\n\t\t\t\t\t\t\t\t\t\t\t<\/div>\n\t\t\t\t\t\t\t\t<div class=\"content\">\n\t\t\t\t\t<h3 class=\"title\">Kvalitetsstyring<\/h3>\n\t\t\t\t\t<div class=\"excerpt\">\n\t\t\t\t\t\t[VERKSTED] \u00f8nsker \u00e5 sikre at du som kunde har den best mulige opplevelsen ved \u00e5 v\u00e6re en del av Bosch Car Service-nettverket.\t\t\t\t\t<\/div>\n\t\t\t\t\t<div class=\"link\">\n\t\t\t\t\t\tL\u00e6re mer\t\t\t\t\t<\/div>\n\t\t\t\t<\/div>\n\t\t\t<\/a>\n\t\t\t\t\t\t<a href=\"https:\/\/admin.boschcarservice.no\/norwegian\/offer\/fleksibel-betaling-med-en-bosch-car-service-konto\/\" rel=\"noreferrer noopener\" class=\"item\">\n\t\t\t\t<div class=\"image\">\n\t\t\t\t\t<img loading=\"lazy\" decoding=\"async\" width=\"1024\" height=\"576\" src=\"https:\/\/admin.boschcarservice.no\/norwegian\/wp-content\/uploads\/sites\/10\/2023\/05\/bosch-car-service-card-001-1024x576.jpg\" class=\"attachment-large size-large wp-post-image\" alt=\"\" style=\"\" srcset=\"https:\/\/admin.boschcarservice.no\/norwegian\/wp-content\/uploads\/sites\/10\/2023\/05\/bosch-car-service-card-001-1024x576.jpg 1024w, https:\/\/admin.boschcarservice.no\/norwegian\/wp-content\/uploads\/sites\/10\/2023\/05\/bosch-car-service-card-001-300x169.jpg 300w, https:\/\/admin.boschcarservice.no\/norwegian\/wp-content\/uploads\/sites\/10\/2023\/05\/bosch-car-service-card-001-768x432.jpg 768w, https:\/\/admin.boschcarservice.no\/norwegian\/wp-content\/uploads\/sites\/10\/2023\/05\/bosch-car-service-card-001-1536x864.jpg 1536w, https:\/\/admin.boschcarservice.no\/norwegian\/wp-content\/uploads\/sites\/10\/2023\/05\/bosch-car-service-card-001.jpg 1920w\" sizes=\"auto, (max-width: 1024px) 100vw, 1024px\" \/>\t\t\t\t<\/div>\n\t\t\t\t\t\t\t\t\t<div class=\"meta\">\n\t\t\t\t\t\t\t\t\t\t\t\t\t\t\t\t\t\t\t<div class=\"categories\">\n\t\t\t\t\t\t\t\tTilbud\t\t\t\t\t\t\t<\/div>\n\t\t\t\t\t\t\t\t\t\t\t<\/div>\n\t\t\t\t\t\t\t\t<div class=\"content\">\n\t\t\t\t\t<h3 class=\"title\">Fleksibel betaling med en Bosch Car Service-konto<\/h3>\n\t\t\t\t\t<div class=\"excerpt\">\n\t\t\t\t\t\tMed v\u00e5rt eget betalingskort, Bosch Car Service-kortet, bestemmer du selv hvordan du \u00f8nsker \u00e5 betale for ditt verkstedsbes\u00f8k.\t\t\t\t\t<\/div>\n\t\t\t\t\t<div class=\"link\">\n\t\t\t\t\t\tL\u00e6re mer\t\t\t\t\t<\/div>\n\t\t\t\t<\/div>\n\t\t\t<\/a>\n\t\t\t\t\t\t<a href=\"https:\/\/admin.boschcarservice.no\/norwegian\/offer\/bestill-ditt-neste-besok-hos-oss-online\/\" rel=\"noreferrer noopener\" class=\"item\">\n\t\t\t\t<div class=\"image\">\n\t\t\t\t\t<img loading=\"lazy\" decoding=\"async\" width=\"1024\" height=\"576\" src=\"https:\/\/admin.boschcarservice.no\/norwegian\/wp-content\/uploads\/sites\/10\/2023\/05\/mybcs-woman-booking-1024x576.jpg\" class=\"attachment-large size-large wp-post-image\" alt=\"\" style=\"\" srcset=\"https:\/\/admin.boschcarservice.no\/norwegian\/wp-content\/uploads\/sites\/10\/2023\/05\/mybcs-woman-booking-1024x576.jpg 1024w, https:\/\/admin.boschcarservice.no\/norwegian\/wp-content\/uploads\/sites\/10\/2023\/05\/mybcs-woman-booking-300x169.jpg 300w, https:\/\/admin.boschcarservice.no\/norwegian\/wp-content\/uploads\/sites\/10\/2023\/05\/mybcs-woman-booking-768x432.jpg 768w, https:\/\/admin.boschcarservice.no\/norwegian\/wp-content\/uploads\/sites\/10\/2023\/05\/mybcs-woman-booking-1536x864.jpg 1536w, https:\/\/admin.boschcarservice.no\/norwegian\/wp-content\/uploads\/sites\/10\/2023\/05\/mybcs-woman-booking.jpg 1920w\" sizes=\"auto, (max-width: 1024px) 100vw, 1024px\" \/>\t\t\t\t<\/div>\n\t\t\t\t\t\t\t\t\t<div class=\"meta\">\n\t\t\t\t\t\t\t\t\t\t\t\t\t\t\t\t\t\t\t<div class=\"categories\">\n\t\t\t\t\t\t\t\tTilbud\t\t\t\t\t\t\t<\/div>\n\t\t\t\t\t\t\t\t\t\t\t<\/div>\n\t\t\t\t\t\t\t\t<div class=\"content\">\n\t\t\t\t\t<h3 class=\"title\">Bestill ditt neste bes\u00f8k hos oss online!<\/h3>\n\t\t\t\t\t<div class=\"excerpt\">\n\t\t\t\t\t\t[VERKSTED] vet at 52% av bestillingene dine skjer utenom \u00e5pningstiden. Hos oss kan du enkelt og raskt bestille ditt neste verkstedsbes\u00f8k online\u2026\t\t\t\t\t<\/div>\n\t\t\t\t\t<div class=\"link\">\n\t\t\t\t\t\tL\u00e6re mer\t\t\t\t\t<\/div>\n\t\t\t\t<\/div>\n\t\t\t<\/a>\n\t\t\t\t\t\t<a href=\"https:\/\/admin.boschcarservice.no\/norwegian\/offer\/ekte-reservedeler-fra-bosch\/\" rel=\"noreferrer noopener\" class=\"item\">\n\t\t\t\t<div class=\"image\">\n\t\t\t\t\t<img loading=\"lazy\" decoding=\"async\" width=\"1024\" height=\"576\" src=\"https:\/\/admin.boschcarservice.no\/norwegian\/wp-content\/uploads\/sites\/10\/2023\/03\/carrepairservice91351-1024x576.jpg\" class=\"attachment-large size-large wp-post-image\" alt=\"\" style=\"\" srcset=\"https:\/\/admin.boschcarservice.no\/norwegian\/wp-content\/uploads\/sites\/10\/2023\/03\/carrepairservice91351-1024x576.jpg 1024w, https:\/\/admin.boschcarservice.no\/norwegian\/wp-content\/uploads\/sites\/10\/2023\/03\/carrepairservice91351-300x169.jpg 300w, https:\/\/admin.boschcarservice.no\/norwegian\/wp-content\/uploads\/sites\/10\/2023\/03\/carrepairservice91351-768x432.jpg 768w, https:\/\/admin.boschcarservice.no\/norwegian\/wp-content\/uploads\/sites\/10\/2023\/03\/carrepairservice91351-1536x864.jpg 1536w, https:\/\/admin.boschcarservice.no\/norwegian\/wp-content\/uploads\/sites\/10\/2023\/03\/carrepairservice91351-2048x1152.jpg 2048w\" sizes=\"auto, (max-width: 1024px) 100vw, 1024px\" \/>\t\t\t\t<\/div>\n\t\t\t\t\t\t\t\t\t<div class=\"meta\">\n\t\t\t\t\t\t\t\t\t\t\t\t\t\t\t\t\t\t\t<div class=\"categories\">\n\t\t\t\t\t\t\t\tTilbud\t\t\t\t\t\t\t<\/div>\n\t\t\t\t\t\t\t\t\t\t\t<\/div>\n\t\t\t\t\t\t\t\t<div class=\"content\">\n\t\t\t\t\t<h3 class=\"title\">Ekte reservedeler fra Bosch<\/h3>\n\t\t\t\t\t<div class=\"excerpt\">\n\t\t\t\t\t\t[VERKSTED] er stolte av \u00e5 sikre at kj\u00f8ret\u00f8yet ditt alltid er i gode hender. Derfor bruker vi utelukkende ekte deler eller reservedeler av h\u00f8yeste kvalitet.\t\t\t\t\t<\/div>\n\t\t\t\t\t<div class=\"link\">\n\t\t\t\t\t\tL\u00e6re mer\t\t\t\t\t<\/div>\n\t\t\t\t<\/div>\n\t\t\t<\/a>\n\t\t\t\t\t\t<a href=\"https:\/\/admin.boschcarservice.no\/norwegian\/offer\/bosch-car-service-veihjelp\/\" rel=\"noreferrer noopener\" class=\"item\">\n\t\t\t\t<div class=\"image\">\n\t\t\t\t\t<img loading=\"lazy\" decoding=\"async\" width=\"1024\" height=\"575\" src=\"https:\/\/admin.boschcarservice.no\/norwegian\/wp-content\/uploads\/sites\/10\/2023\/03\/guidedetailaccidentgaccident91311-1024x575.jpg\" class=\"attachment-large size-large wp-post-image\" alt=\"\" style=\"\" srcset=\"https:\/\/admin.boschcarservice.no\/norwegian\/wp-content\/uploads\/sites\/10\/2023\/03\/guidedetailaccidentgaccident91311-1024x575.jpg 1024w, https:\/\/admin.boschcarservice.no\/norwegian\/wp-content\/uploads\/sites\/10\/2023\/03\/guidedetailaccidentgaccident91311-300x169.jpg 300w, https:\/\/admin.boschcarservice.no\/norwegian\/wp-content\/uploads\/sites\/10\/2023\/03\/guidedetailaccidentgaccident91311-768x432.jpg 768w, https:\/\/admin.boschcarservice.no\/norwegian\/wp-content\/uploads\/sites\/10\/2023\/03\/guidedetailaccidentgaccident91311-1536x863.jpg 1536w, https:\/\/admin.boschcarservice.no\/norwegian\/wp-content\/uploads\/sites\/10\/2023\/03\/guidedetailaccidentgaccident91311-2048x1151.jpg 2048w\" sizes=\"auto, (max-width: 1024px) 100vw, 1024px\" \/>\t\t\t\t<\/div>\n\t\t\t\t\t\t\t\t\t<div class=\"meta\">\n\t\t\t\t\t\t\t\t\t\t\t\t\t\t\t\t\t\t\t<div class=\"categories\">\n\t\t\t\t\t\t\t\tTilbud\t\t\t\t\t\t\t<\/div>\n\t\t\t\t\t\t\t\t\t\t\t<\/div>\n\t\t\t\t\t\t\t\t<div class=\"content\">\n\t\t\t\t\t<h3 class=\"title\">Bosch Car Service Veihjelp<\/h3>\n\t\t\t\t\t<div class=\"excerpt\">\n\t\t\t\t\t\t[VERKSTED] tilbyr profesjonell veihjelp \u2013 din garanti for \u00e5 komme trygt tilbake p\u00e5 veien.\t\t\t\t\t<\/div>\n\t\t\t\t\t<div class=\"link\">\n\t\t\t\t\t\tL\u00e6re mer\t\t\t\t\t<\/div>\n\t\t\t\t<\/div>\n\t\t\t<\/a>\n\t\t\t\t\t\t<\/div>\n\t\t<\/div>\n\t\t\n\t\t\n\n\n<div style=\"height:50px\" aria-hidden=\"true\" class=\"wp-block-spacer\"><\/div>\n","protected":false},"excerpt":{"rendered":"<p>Tilbud<\/p>\n","protected":false},"author":1,"featured_media":0,"parent":0,"menu_order":3,"comment_status":"closed","ping_status":"closed","template":"","meta":{"_acf_changed":false,"_hide_from_nav_menu":false,"_show_duplicate_in_nav_menu_dropdown":false,"footnotes":""},"class_list":["post-1436","page","type-page","status-publish","hentry"],"acf":[],"_links":{"self":[{"href":"https:\/\/admin.boschcarservice.no\/norwegian\/wp-json\/wp\/v2\/pages\/1436","targetHints":{"allow":["GET"]}}],"collection":[{"href":"https:\/\/admin.boschcarservice.no\/norwegian\/wp-json\/wp\/v2\/pages"}],"about":[{"href":"https:\/\/admin.boschcarservice.no\/norwegian\/wp-json\/wp\/v2\/types\/page"}],"author":[{"embeddable":true,"href":"https:\/\/admin.boschcarservice.no\/norwegian\/wp-json\/wp\/v2\/users\/1"}],"replies":[{"embeddable":true,"href":"https:\/\/admin.boschcarservice.no\/norwegian\/wp-json\/wp\/v2\/comments?post=1436"}],"version-history":[{"count":5,"href":"https:\/\/admin.boschcarservice.no\/norwegian\/wp-json\/wp\/v2\/pages\/1436\/revisions"}],"predecessor-version":[{"id":2685,"href":"https:\/\/admin.boschcarservice.no\/norwegian\/wp-json\/wp\/v2\/pages\/1436\/revisions\/2685"}],"wp:attachment":[{"href":"https:\/\/admin.boschcarservice.no\/norwegian\/wp-json\/wp\/v2\/media?parent=1436"}],"curies":[{"name":"wp","href":"https:\/\/api.w.org\/{rel}","templated":true}]}}